hat is the greatest common divisor of 13 and k?
13
Let n(a) = -138 + 5*a - 13*a - 7*a**2 + 150 + a**3. Let v be n(8). Calculate the greatest common divisor of v and 9.
3
Suppose 0 = w - 2*w. Suppose -2*i - i - 19 = -z, w = -2*z - 4. Let u be (3 + (-31)/7)*i. What is the greatest common factor of u and 20?
10
Let k(h) = h + 26. Let c be k(1). What is the greatest common divisor of 783 and c?
27
Suppose -4*b = -5*h - 151, -2*b + 33 = -3*h - 44. What is the highest common divisor of b and 238?
34
Let q = 141 + -125. Suppose 0 = -17*k + q*k + 18. What is the highest common factor of k and 198?
18
Let q be -3 - -15 - 9/((-18)/4). Suppose 15 = l - 6*l. Let u = l - -17. Calculate the greatest common factor of u and q.
14
Let v = 3 - -13. Let g = v - 19. Let q be ((-4)/g)/(-4)*-54. Calculate the highest common divisor of 36 and q.
18
Let d be -1*3/1 - -30. Suppose 0 = 4*t - 4*b - 28, -t - 5*b + 55 = 4*t. What is the greatest common divisor of d and t?
9
Let g(d) = d**2 + 10*d + 6. Let p be g(-11). Let o(m) = -18*m + 15. Let y be o(-2). What is the greatest common factor of y and p?
17
Let j be 6/8 - ((-769)/4 + 5). Let v = -149 + j. What is the greatest common divisor of 91 and v?
13
Let j be (-24)/16*78/9. Let u(g) = 2*g**3 + 27*g**2 + 14*g + 19. Let s be u(j). Calculate the greatest common factor of 18 and s.
6
Let h = -50 - -43. Let u be (h + 371/49)/(2/14). What is the highest common divisor of 32 and u?
4
Let p(d) = 16*d - 30. Let h(a) = -a**2 - 8*a - 2. Let y be h(-6). Let q be p(y). What is the highest common divisor of q and 26?
26
Let k = -57 - -63. Suppose 34 - 4 = k*u. What is the highest common divisor of 45 and u?
5
Let l be (-1)/3 + (-44)/12. Let s be (-2 - -2 - l) + 3. Let z(c) = -c**3 + 6*c**2 + 9*c - 8. Let k be z(s). Calculate the highest common divisor of 12 and k.
6
Let y = 243 - 155. Let n(q) = q**3 + 10*q**2 + 9*q. Let w be n(-9). Suppose y = -w*a + 4*a. Calculate the greatest common factor of a and 242.
22
Suppose -81*i + 70*i - 99*i + 1430 = 0. Let m be ((-52)/6)/(4/(-54)). Calculate the highest common factor of i and m.
13
Let s = 147 - 59. What is the greatest common divisor of 66 and s?
22
Suppose 0 = -5*s + 7 + 3. Suppose c - 1 = 2*c, 3*w = -4*c - 253. Let v = w - -99. What is the greatest common factor of v and s?
2
Suppose 40*a - 42*a + 10 = 0. Suppose -5*o = 20, a*y + o = 52 + 14. What is the greatest common factor of 70 and y?
14
Let u be (0 + -7)*(-4 + -2). Let h = -12 + 18. What is the greatest common factor of h and u?
6
Suppose -3*x + 3*t = -66, 3*x - 2*t - 73 = -11. Let i = -79 + 81. Calculate the greatest common divisor of i and x.
2
Suppose -70*s + 22288 = -62*s. Calculate the highest common factor of 14 and s.
14
Let m(w) = -112*w - 9. Let u(q) = 113*q + 8. Let o(y) = 6*m(y) + 7*u(y). Let r be o(2). Suppose r = x + x. Calculate the highest common divisor of x and 15.
15
Let x = -423 + 481. Calculate the highest common factor of x and 2.
2
Suppose 35*t - 39*t = 0. Suppose t = n + 3*z - 259, 5*z + 599 = 4*n - 420. Calculate the greatest common factor of 16 and n.
16
Let l(b) = -b**3 - 8*b**2 + 18*b - 14. Let t be l(-10). Calculate the highest common divisor of 618 and t.
6
Let z = 14 - 9. Suppose -z = -8*h + 3*h. Let w(p) = 99*p. Let i be w(h). What is the highest common divisor of 11 and i?
11
Let d(b) = -b**2 - 14*b - 24. Let z be d(-11). Suppose 0 = 3*t - 3*u - z, 0*t + 2*t + 4*u = -6. What is the highest common divisor of t and 4?
1
Let d = -8 + 23. Let t be 11*-1*-4 + 0. Suppose -194 = -2*p - t. Calculate the highest common divisor of p and d.
15
Let m = 2 - 4. Let d(u) = 5*u**2. Let v be d(m). What is the greatest common divisor of v and 200?
20
Suppose 3*l = -3*u + 57, 2*l - l - 91 = -5*u. Let y = -15 + 23. Suppose 8*t + y = 12*t. What is the highest common divisor of t and u?
2
Let i(u) = -u**3 - 32*u**2 + 31*u - 48. Let d be i(-33). What is the highest common divisor of 54 and d?
18
Let r = -213 - -114. Let w be (-180)/r - 2/(-11). Calculate the highest common divisor of 14 and w.
2
Suppose 0 = -5*q + 18*h - 17*h + 2640, h = 4*q - 2111. What is the highest common factor of q and 46?
23
Let t = 8 + 0. Suppose 4*l + 0*r - 3*r - t = 0, -r - 2 = -l. Let f be (l/6)/(2/12). What is the greatest common divisor of f and 6?
2
Let r be (1/(-3))/(1/(-15)). Suppose 6*x = r*x + 16. Calculate the greatest common divisor of x and 48.
16
Suppose 10*w = 60 + 1190. Calculate the greatest common factor of 175 and w.
25
Let f be 2/(-14) - (-4232)/28. Suppose -v - 168 - f = -5*x, 5*x = 5*v + 335. Suppose 18 = -5*g + x. What is the highest common factor of 3 and g?
3
Let g(l) = -3*l**3 - 3*l**2 + 1. Let o = -5 - -12. Suppose 3 = -5*r - o. Let y be g(r). What is the highest common divisor of 39 and y?
13
Suppose 67*h - m = 70*h - 5, 3*m + 9 = 3*h. Calculate the greatest common factor of h and 94.
2
Let u be -1 - (-2 - -3) - -11. Let f = 33 - u. Suppose 5*p = 16 + 24. Calculate the highest common divisor of p and f.
8
Suppose -7*o = -9*o + 32. Let b be (o/2)/((-11)/44). Let y = b - -77. What is the greatest common factor of y and 5?
5
Let f be 2/((-12)/(-10))*-3. Let v be f/((-10)/184) - 1. Suppose -9226*b + 9229*b - 39 = 0. What is the greatest common divisor of v and b?
13
Let n(w) = -3*w - 6. Let r be n(-3). Suppose -r*q = 5*i + 32, q + i = -0*i - 8. Let f be 15/(-30) - 362/q. What is the highest common factor of f and 36?
18
Suppose h - 43 = 11. Suppose 7*f + 9 = 4*f. Let p be (3 + 6)*1 + f. Calculate the greatest common divisor of h and p.
6
Let c = 107 - 84. Let g(j) = -j**2 + 26*j - 5. Let r be g(c). Suppose -32 = 3*d - 5*d. What is the highest common factor of r and d?
16
Suppose d - 63 = 27. Calculate the highest common divisor of d and 36.
18
Suppose b - 3*b = -3*q - 44, 5*b + 65 = -5*q. Let c = 18 + q. What is the greatest common divisor of 6 and c?
2
Let t be (-831)/6 + (9/6)/(-1). Let d = 230 + t. Calculate the greatest common divisor of d and 18.
18
Let q = -26 - -46. Suppose 0 = 3*b - 76 - q. What is the greatest common divisor of b and 8?
8
Let w be 2/(-11) + (-10)/(-55). Suppose w = -58*v + 55*v + 9. Let z be 30*(-2)/15*-3. Calculate the greatest common factor of v and z.
3
Suppose 0 = -5*y - 253 - 47. Let g be y*3/(-3 + -3). Calculate the greatest common factor of g and 10.
10
Suppose -3*o + t = -2*o - 277, 0 = -t - 3. Let j = o + -512. Let k = -118 - j. What is the highest common divisor of k and 24?
24
Let g = 29 + -19. Let c = 75 - g. Calculate the greatest common divisor of c and 13.
13
Suppose 32*p - 1888 = 16*p. What is the greatest common divisor of p and 177?
59
Let o(v) = v**2 + 13*v + 9. Let h be o(5). Suppose 0 = -2*f - 2*f + 36. Calculate the greatest common divisor of h and f.
9
Suppose 0*y + 2*d + 190 = 3*y, 0 = y + 5*d - 35. Let l = 71 + 29. What is the greatest common divisor of y and l?
20
Suppose -18*h + 672 = -2*h. What is the highest common factor of 138 and h?
6
Let b = -144 + 139. Let q be -1*15/(-3) - b. Calculate the greatest common factor of 15 and q.
5
Let l = -4 - -1. Let g be ((-12)/18)/((-2)/l). Let d be (-90)/54*15/g. What is the highest common factor of 10 and d?
5
Let c(g) = 7*g + 12*g**3 - g - 1 + 8*g**2 - 13*g**3. Let j be c(7). What is the greatest common divisor of 10 and j?
10
Let l(q) = q**3 + 5*q**2 - 7*q - 3. Let x be l(-6). Calculate the highest common divisor of 9 and x.
3
Let j(o) = 63*o**2 + 16*o - 98. Let q be j(6). Calculate the greatest common divisor of 22 and q.
22
Suppose 0*d + 3*d - 63 = 0. Let t = -10 + d. What is the greatest common factor of 77 and t?
11
Let n be (110/4)/(2/(-4)). Let g = n - -97. Let c = -199 + 227. Calculate the greatest common divisor of g and c.
14
Suppose 6*z = 3*z - 5*w - 62, -2*z + 5*w - 8 = 0. Let j be (-10)/35 + (-130)/z. What is the highest common factor of 72 and j?
9
Suppose 24*l - 3388 = 2*l. Calculate the greatest common factor of l and 22.
22
Let h be -3 + 309/(9/3). What is the greatest common factor of 175 and h?
25
Let a = -1393 - -1498. Let v be (1 - -9)/((-2)/3). Let i = 36 + v. What is the greatest common factor of a and i?
21
Let x be (1 + -13)*30/20. Let s(d) = d + 23. Let v be s(x). Suppose 285 = v*t - 3*w, -t + 40 = -3*w - 17. Calculate the highest common factor of 19 and t.
19
Let j(t) = -3*t + 48. Let q be j(6